{"id":233,"date":"2015-11-21T08:12:49","date_gmt":"2015-11-21T08:12:49","guid":{"rendered":"http:\/\/tecnijanda.com\/?page_id=233"},"modified":"2022-08-17T10:46:43","modified_gmt":"2022-08-17T10:46:43","slug":"servicio-tecnico","status":"publish","type":"page","link":"https:\/\/tecnijanda.com\/?page_id=233","title":{"rendered":"Servicio T\u00e9cnico"},"content":{"rendered":"<p class=\"p1\"><strong class=\"str-2\"> Servicios. <\/strong><\/p>\n<p class=\"p1\"><div class=\"gk-columns\" data-column-count=\"3\">\n<div><\/p>\n<div>\n<p>Nuestra prioridad es dar un soporte r\u00e1pido y eficaz, para que no se tenga que preocupar por aver\u00edas en su empresa, realizamos un continuo test de calidad de nuestros productos, para as\u00ed poder ofertar a nuestros clientes los de mayor fiabilidad.<\/p>\n<p>Siempre disponemos de un amplio stock de material inform\u00e1tico para lo que necesite, piezas para integraci\u00f3n, consumibles,\u00a0equipos, port\u00e1tiles, sai\u00b4s, impresoras, material para redes, licencias de software, etc.<\/p>\n<\/div>\n<p class=\"p1\"><\/div>\n<div><\/p>\n<p>El disponer de material inform\u00e1tico, asegura la reparaci\u00f3n en un tiempo m\u00ednimo.<\/p>\n<p>Mediante nuestro\u00a0<strong><a href=\"http:\/\/es.wikipedia.org\/wiki\/Know_how\" target=\"_blank\" rel=\"noopener\">Know how<\/a><\/strong> garantizamos a nuestros clientes que van a disponer de las herramientas \u00f3ptimas para el desarrollo de su actividad, sin tener que invertir en recursos innecesarios.<\/p>\n<p><a href=\"https:\/\/get.teamviewer.com\/artp9es\"><img loading=\"lazy\" decoding=\"async\" class=\"alignnone wp-image-279 size-full\" src=\"https:\/\/tecnijanda.com\/wp-content\/uploads\/2015\/11\/TeamViewer-Download.png\" alt=\"TeamViewer-Download\" width=\"300\" height=\"117\" \/><\/a><\/p>\n<div><\/div>\n<p class=\"p1\"><\/div>\n<div><a href=\"https:\/\/tecnijanda.com\/wp-content\/uploads\/2015\/11\/rayo1.jpg\"><img loading=\"lazy\" decoding=\"async\" class=\"alignnone wp-image-291\" title=\"\" src=\"https:\/\/tecnijanda.com\/wp-content\/uploads\/2015\/11\/rayo1-300x300.jpg\" alt=\"rayo\" width=\"385\" height=\"385\" \/><\/a> <\/div>\n\n<\/div><\/p>\n<div><\/div>\n","protected":false},"excerpt":{"rendered":"<p>Servicios.&hellip;<\/p>\n","protected":false},"author":4,"featured_media":0,"parent":0,"menu_order":0,"comment_status":"closed","ping_status":"open","template":"","meta":{"footnotes":""},"_links":{"self":[{"href":"https:\/\/tecnijanda.com\/index.php?rest_route=\/wp\/v2\/pages\/233"}],"collection":[{"href":"https:\/\/tecnijanda.com\/index.php?rest_route=\/wp\/v2\/pages"}],"about":[{"href":"https:\/\/tecnijanda.com\/index.php?rest_route=\/wp\/v2\/types\/page"}],"author":[{"embeddable":true,"href":"https:\/\/tecnijanda.com\/index.php?rest_route=\/wp\/v2\/users\/4"}],"replies":[{"embeddable":true,"href":"https:\/\/tecnijanda.com\/index.php?rest_route=%2Fwp%2Fv2%2Fcomments&post=233"}],"version-history":[{"count":18,"href":"https:\/\/tecnijanda.com\/index.php?rest_route=\/wp\/v2\/pages\/233\/revisions"}],"predecessor-version":[{"id":76730,"href":"https:\/\/tecnijanda.com\/index.php?rest_route=\/wp\/v2\/pages\/233\/revisions\/76730"}],"wp:attachment":[{"href":"https:\/\/tecnijanda.com\/index.php?rest_route=%2Fwp%2Fv2%2Fmedia&parent=233"}],"curies":[{"name":"wp","href":"https:\/\/api.w.org\/{rel}","templated":true}]}}