{"id":241,"date":"2015-11-21T08:15:20","date_gmt":"2015-11-21T08:15:20","guid":{"rendered":"http:\/\/tecnijanda.com\/?page_id=241"},"modified":"2022-08-17T10:46:43","modified_gmt":"2022-08-17T10:46:43","slug":"videovigilancia","status":"publish","type":"page","link":"https:\/\/tecnijanda.com\/?page_id=241","title":{"rendered":"VideoVigilancia"},"content":{"rendered":"<div class=\"gk-columns\" data-column-count=\"2\">\n<div><a href=\"https:\/\/tecnijanda.com\/wp-content\/uploads\/2015\/11\/dvrseguridadprosafe.jpg\"><img loading=\"lazy\" decoding=\"async\" class=\"alignnone size-full wp-image-331\" title=\"\" src=\"https:\/\/tecnijanda.com\/wp-content\/uploads\/2015\/11\/dvrseguridadprosafe.jpg\" alt=\"dvrseguridadprosafe\" width=\"1000\" height=\"662\" srcset=\"https:\/\/tecnijanda.com\/wp-content\/uploads\/2015\/11\/dvrseguridadprosafe.jpg 1000w, https:\/\/tecnijanda.com\/wp-content\/uploads\/2015\/11\/dvrseguridadprosafe-300x198.jpg 300w\" sizes=\"(max-width: 1000px) 100vw, 1000px\" \/><\/a><\/div>\n<div><\/p>\n<p><a href=\"http:\/\/www.tecnijanda.com\/videovigilancia.html\"><strong>Vigilancia para el comercio y la industria<\/strong><\/a><\/p>\n<p><strong>\u00a0<\/strong><\/p>\n<p>En Tecnijanda Inform\u00e1tica disponemos de las soluciones m\u00e1s completas para la vigilancia y grabaci\u00f3n en comercios, grupos de tiendas, oficinas, industrias, almacenes, con nuestras instalaciones de vigilancia podr\u00e1 ver y grabar las im\u00e1genes desde cualquier ordenador, en un grabador instalado en el propio local o en cualquier lugar del mundo a trav\u00e9s de Internet.<\/p>\n<p>&nbsp;<\/p>\n<p>Recientemente hemos incluido en este servicio la instalaci\u00f3n de Alarmas de Seguridad, olv\u00eddese de pagar cuotas, con una peque\u00f1a inversi\u00f3n tendr\u00e1 su empresa o comercio totalmente controlado.<\/p>\n<p><\/div>\n\n<\/div>\n<p>&nbsp;<\/p>\n","protected":false},"excerpt":{"rendered":"<p>&nbsp;&hellip;<\/p>\n","protected":false},"author":4,"featured_media":0,"parent":0,"menu_order":0,"comment_status":"closed","ping_status":"open","template":"","meta":{"footnotes":""},"_links":{"self":[{"href":"https:\/\/tecnijanda.com\/index.php?rest_route=\/wp\/v2\/pages\/241"}],"collection":[{"href":"https:\/\/tecnijanda.com\/index.php?rest_route=\/wp\/v2\/pages"}],"about":[{"href":"https:\/\/tecnijanda.com\/index.php?rest_route=\/wp\/v2\/types\/page"}],"author":[{"embeddable":true,"href":"https:\/\/tecnijanda.com\/index.php?rest_route=\/wp\/v2\/users\/4"}],"replies":[{"embeddable":true,"href":"https:\/\/tecnijanda.com\/index.php?rest_route=%2Fwp%2Fv2%2Fcomments&post=241"}],"version-history":[{"count":8,"href":"https:\/\/tecnijanda.com\/index.php?rest_route=\/wp\/v2\/pages\/241\/revisions"}],"predecessor-version":[{"id":401,"href":"https:\/\/tecnijanda.com\/index.php?rest_route=\/wp\/v2\/pages\/241\/revisions\/401"}],"wp:attachment":[{"href":"https:\/\/tecnijanda.com\/index.php?rest_route=%2Fwp%2Fv2%2Fmedia&parent=241"}],"curies":[{"name":"wp","href":"https:\/\/api.w.org\/{rel}","templated":true}]}}